-7132 (base 9) to base 8.
-12135
-31451 (base 8) to base 12
-76b5
-606 (base 8) to base 6
-1450
Convert 22012 (base 3) to base 13.
140
Convert -202252 (base 7) to base 15.
-a30a
Convert 1b1a (base 12) to base 14.
1302
What is -1585 (base 16) in base 3?
-21120001
Convert 20031312 (base 4) to base 3.
1201011110
What is 20000 (base 4) in base 8?
1000
-2011120 (base 3) to base 6
-11153
What is 4242 (base 8) in base 10?
2210
-4445 (base 12) to base 2
-1110101110101
What is -c (base 15) in base 3?
-110
Convert 10366 (base 9) to base 10.
6864
Convert -670 (base 9) to base 12.
-399
Convert 101010010000101 (base 2) to base 6.
244101
What is -1202120200 (base 3) in base 2?
-1000011101111110
-965 (base 11) to base 16
-488
What is 15b7 (base 14) in base 9?
5286
-6304 (base 12) to base 5
-321204
What is 2233 (base 5) in base 10?
318
330221 (base 4) to base 7
14213
What is 76445 (base 8) in base 5?
2011122
What is -1101210 (base 3) in base 2?
-1111111100
a8d (base 14) to base 8
4045
-da (base 16) to base 14
-118
-2013202 (base 4) to base 16
-21e2
2515 (base 7) to base 16
3af
Convert -1b4 (base 12) to base 4.
-10120
-2100210 (base 3) to base 7
-5010
Convert 4537 (base 14) to base 3.
121110122
What is 718 (base 10) in base 13?
433
What is 11001110101 (base 2) in base 3?
2021020
What is 12221 (base 4) in base 13?
269
What is -5d20 (base 15) in base 13?
-9045
Convert -111000000 (base 2) to base 10.
-448
What is 42521 (base 7) in base 8?
24466
-503 (base 12) to base 14
-399
-e231 (base 15) to base 7
-256126
111010000000 (base 2) to base 9
5074
Convert -15414 (base 6) to base 9.
-3421
-133331 (base 5) to base 10
-5466
Convert -325243 (base 6) to base 14.
-9c39
-122101 (base 4) to base 15
-771
What is 2b56 (base 12) in base 2?
1001111110010
What is 6959 (base 10) in base 15?
20de
Convert -5139 (base 11) to base 6.
-51322
3214 (base 8) to base 10
1676
-1111111100000 (base 2) to base 11
-6149
Convert 252 (base 8) to base 11.
145
Convert 96d (base 15) to base 13.
c79
Convert -10110000110011 (base 2) to base 10.
-11315
What is -11111010110 (base 2) in base 12?
-11b2
Convert -2b4 (base 14) to base 3.
-202101
-1010011011111 (base 2) to base 5
-132333
-120 (base 6) to base 11
-44
What is -10001001 (base 2) in base 13?
-a7
What is -210331 (base 4) in base 15?
-a7a
-57 (base 8) to base 15
-32
Convert -178 (base 9) to base 3.
-12122
What is -54d (base 14) in base 4?
-100121
-101110111110001 (base 2) to base 3
-1012222201
Convert -4742 (base 9) to base 15.
-109b
What is -391 (base 10) in base 16?
-187
Convert -1285 (base 15) to base 11.
-2a71
What is 78 (base 10) in base 16?
4e
What is 1433 (base 9) in base 2?
10000111011
375 (base 8) to base 4
3331
What is 137544 (base 8) in base 9?
74180
a4c (base 14) to base 11
1584
Convert 66c (base 15) to base 12.
a10
Convert -20011 (base 4) to base 7.
-1336
Convert -42 (base 15) to base 8.
-76
Convert -46867 (base 11) to base 14.
-1a8bd
1222 (base 9) to base 6
4115
What is 544 (base 15) in base 2?
10010100101
What is -3111 (base 4) in base 12?
-159
Convert 2052 (base 6) to base 12.
328
7277 (base 13) to base 5
1001230
-1721 (base 8) to base 11
-809
What is -3333 (base 6) in base 14?
-3d7
-512c (base 13) to base 5
-324232
What is -59 (base 12) in base 13?
-54
37d6 (base 16) to base 4
3133112
21012 (base 4) to base 9
716
What is 1887 (base 14) in base 15?
14a6
Convert -255 (base 12) to base 16.
-161
Convert -11255 (base 7) to base 3.
-10221202
What is -337 (base 11) in base 13?
-250
Convert -c9 (base 14) to base 12.
-129
What is 23143 (base 5) in base 11?
1291
1103332 (base 5) to base 13
8993
Convert -101011000111 (base 2) to base 7.
-11021
Convert 10301032 (base 4) to base 5.
1111114
Convert -1133323 (base 4) to base 11.
-4681
Convert -997d (base 16) to base 10.
-39293
Convert 21 (base 4) to base 8.
11
What is 2867 (base 10) in base 13?
13c7
What is 16e1 (base 15) in base 10?
4936
What is -30134 (base 7) in base 10?
-7277
Convert 242413 (base 5) to base 10.
9108
What is 135 (base 9) in base 3?
11012
What is -1660 (base 7) in base 12?
-487
44003 (base 5) to base 11
2290
What is ab (base 16) in base 13?
102
-14a (base 11) to base 6
-451
Convert -1415 (base 7) to base 12.
-39b
Convert 103313 (base 4) to base 6.
5515
Convert 5591 (base 11) to base 6.
54024
103373 (base 8) to base 10
34555
1202223 (base 5) to base 9
33383
Convert 10100001100111 (base 2) to base 3.
112012002
3b8 (base 16) to base 10
952
-155 (base 12) to base 9
-252
-1011010 (base 3) to base 4
-31020
1ec (base 16) to base 8
754
1c6 (base 16) to base 14
246
What is 11001110 (base 2) in base 13?
12b
-47575 (base 9) to base 14
-b84c
Convert -1c9 (base 16) to base 6.
-2041
8a1 (base 12) to base 5
20043
What is 1424 (base 6) in base 7?
1045
What is 53324 (base 8) in base 6?
250524
-111000000010 (base 2) to base 6
-24334
Convert 47 (base 12) to base 7.
106
What is -14685 (base 9) in base 4?
-2130320
What is -31600 (base 12) in base 10?
-64800
What is 220211 (base 4) in base 3?
10120012
Convert -122110210 (base 3) to base 16.
-31c2
Convert 66 (base 16) to base 14.
74
Convert -2169 (base 15) to base 6.
-52430
812 (base 10) to base 14
420
What is -2e4b (base 16) in base 12?
-6a37
Convert 2020222 (base 4) to base 12.
508a
What is 26654 (base 7) in base 9?
10772
-105 (base 14) to base 4
-3021
17b (base 12) to base 6
1035
Convert 11105 (base 13) to base 2.
111100011010100
What is -1001111101 (base 2) in base 8?
-1175
What is -10111100010001 (base 2) in base 16?
-2f11
What is -1211121 (base 3) in base 14?
-6b9
4388 (base 12) to base 4
1310120
What is 779 (base 11) in base 15?
423
-212302 (base 5) to base 2
-1110000100010
Convert 186 (base 13) to base 14.
15d
-11013 (base 4) to base 6
-1303
-c79d (base 15) to base 5
-2322343
-5525 (base 10) to base 16
-1595
Convert 5880 (base 13) to base 15.
3a46
What is cc8c (base 15) in base 8?
124504
-3a50 (base 13) to base 12
-49b6
What is -10313 (base 4) in base 13?
-1ac
-514 (base 6) to base 15
-ca
8762 (base 9) to base 5
201310
Convert -53453 (base 7) to base 16.
-33d4
Convert -5a12 (base 11) to base 12.
-4686
-12263 (base 10) to base 3
-121211012
-10001102020 (base 3) to base 5
-3410311
What is -23102 (base 8) in base 10?
-9794
What is 1010100011 (base 2) in base 4?
22203
Convert -144313 (base 5) to base 12.
-3714
What is c85c (base 15) in base 7?
234402
Convert -3412 (base 5) to base 9.
-585
Convert -309 (base 10) to base 11.
-261
Convert 112200 (base 3) to base 15.
1b6
Convert -10222122 (base 4) to base 3.
-222012100
20122 (base 8) to base 14
3030
2383 (base 14) to base 13
2a83
What is -2573 (base 9) in base 16?
-789
-6 (base 12) to base 6
-10
Convert 40d (base 14) to base 8.
1435
-7049 (base 10) to base 12
-40b5
What is -10224 (base 5) in base 11?
-577
Convert 325351 (base 6) to base 2.
110101000000011
Convert -1b8 (base 15) to base 13.
-248
Convert -12260 (base 10) to base 6.
-132432
-5aa1 (base 11) to base 10
-7976
4b3 (base 13) to base 16
336
What is -23110 (base 4) in base 14?
-39a
Convert 1023301 (base 4) to base 14.
1aa5
What is 28014 (base 10) in base 9?
42376
What is -22b2 (base 12) in base 7?
-14210
Convert -21e (base 15) to base 12.
-33b
What is 1001100111100 (base 2) in base 8?
11474
What is 1042 (base 7) in base 2?
101110101
Convert -2010 (base 14) to base 16.
-157e
Convert 626 (base 7) to base 4.
10322
Convert -9ab (base 15) to base 12.
-1322
2bb (base 14) to base 3
202122
-4654 (base 7) to base 2
-11010101001
Convert -3580 (base 11) to base 5.
-122221
Convert 27241 (base 8) to base 15.
380c
Convert -1473 (base 13) to base 3.
-11001220
What is 202020 (base 4) in base 14?
b20
-11101211 (base 3) to base 7
-12232
-111001001111 (base 2) to base 15
-1143
What is 4729 (base 11) in base 10?
6202
What is 1001000110 (base 2) in base 3?
210120
Convert 41362 (base 8) to base 6.
211202
Convert -144511 (base 6) to base 3.
-201012221
Convert 120a3 (base 11) to base 4.
10100020
Convert c3 (base 16) to base 4.
3003
What is -210032 (base 4) in base 11?
-1818
-1573a (base 14) to base 16
-d138
3266 (base 15) to base 7
43053
What is 289 (base 11) in base 9?
416
What is -10202 (base 4) in base 9?
-352
What is -4325 (base 6) in base 12?
-6a5
-1413 (base 7) to base 13
-333
-15853 (base 10) to base 14
-5ac5
Convert -752 (base 10) to base 8.
-1360
Conv